880/(-56))/(2/(-28)). What is the greatest common factor of 396 and r?
36
Let z(d) = 6*d**2 - d - 4. Let k be z(2). Let t be 96/k + (-4)/(-6). What is the highest common factor of t and 138?
6
Suppose -13*k + 1042 = 4*a - 8*k, 778 = 3*a + 2*k. What is the greatest common divisor of 54 and a?
6
Let q be ((-6)/75)/((-36)/450). Suppose 5*i = 83 + 77. Suppose 0 = -3*o - o + i. Calculate the greatest common factor of q and o.
1
Let z(g) = 2*g**3 + 2*g**2 + g - 7. Let t be z(3). Suppose x - 9*h - t = -11*h, 0 = -2*x + 4*h + 176. What is the highest common factor of x and 104?
26
Let v = 4925 + -4900. Let l(m) = -99*m + 2. Let i be l(-2). What is the highest common factor of i and v?
25
Let c be (-1 + (-565)/(-25))/((-1)/(-10)). Suppose -110*u + 107*u + c = 0. Calculate the highest common divisor of u and 8.
8
Let g(n) = 222*n + 2022. Let k be g(-9). Let v(t) = 21*t**2 - t. Let l be v(-3). Calculate the greatest common divisor of k and l.
24
Suppose -18*w + 15*w = 6. Let g be w + 1 + 1*-67 + 3. Let h = g + 86. Calculate the greatest common factor of 105 and h.
21
Let l(r) = -36*r + 1550. Let n be l(40). Calculate the highest common factor of 1375 and n.
55
Let a = 896 - 390. Suppose -d + 242 = -4*j, -5*d - 5*j + 1114 = -j. Suppose -5*t + d = -4. Calculate the highest common divisor of a and t.
46
Suppose -5*u = -3*d + 112, -5*d - 66 = u - 234. Let l = 178 - 175. Let b be (2 + 80/(-6))/(l/(-72)). Calculate the greatest common factor of d and b.
34
Let s(x) = 62*x - 8942. Let i be s(145). What is the highest common divisor of 7376 and i?
16
Suppose 0 = 4*l - 5*l - 24. Let h(z) = -7*z - 3. Let f be h(5). Let v = l - f. Calculate the highest common divisor of v and 2.
2
Suppose 7*t + 11*t + 1890 = 0. Let a = t - -110. Calculate the greatest common factor of a and 20.
5
Let p be (-4)/(-12) + 5248/(-12). Let n = p - -124. Let c = n + 445. What is the greatest common factor of 24 and c?
12
Let v(o) = -440*o - 66. Let b be v(6). Let y be b/(-33) - (6 - 2). Calculate the greatest common divisor of 6 and y.
6
Let i be (-1 + 0)*-1*11. Let j(x) = -x**3 + 125*x**2 - 1045*x + 121. Let f be j(116). Calculate the highest common factor of f and i.
1
Let p(m) = -m**2 + 18*m - 13. Let c be p(16). Let o be (6 - 20/4)*c. Calculate the highest common divisor of 57 and o.
19
Suppose 6*h - 63*u + 67*u - 104786 = 0, -5*h = 5*u - 87320. What is the greatest common factor of h and 70?
35
Let l = -291 + 281. Let p(s) = -s**3 - 12*s**2 - 21*s + 16. Let k be p(l). Calculate the highest common divisor of 65 and k.
13
Let p(q) = q**3 - 6*q**2 + 37*q - 152. Let v be p(6). What is the highest common divisor of 4480 and v?
70
Let k be (-9)/(((-63)/735)/(24/40)). Let c be 3/(-6) - 5/2. Let j(a) = -2*a + 3. Let t be j(c). Calculate the highest common divisor of t and k.
9
Let j(t) = -t**3 + 34*t**2 - 60*t - 60. Suppose -64 = -450*d + 448*d. Let b be j(d). What is the greatest common divisor of 748 and b?
68
Let o = 4937 - 4881. Calculate the greatest common factor of 126 and o.
14
Suppose -10*u - 1722 = -1762. Let l(w) = 2*w**2 - 12*w + 28. Let q be l(u). Calculate the highest common factor of q and 228.
12
Let l = -15864 - -16281. What is the greatest common factor of 15 and l?
3
Suppose -3*y + 17*x + 91 = 22*x, 3*x = -3*y + 75. What is the highest common factor of y and 153?
17
Suppose b - 6*b - 195 = -a, -3*a - 3*b = -567. Let l(k) = -k**2 + 25*k - 140. Let n be l(10). What is the greatest common factor of a and n?
10
Let c be -20 + 28 + (1177 - -9). Calculate the greatest common divisor of c and 6.
6
Let x be 3 + 33/(-15) - (-1462)/10. What is the highest common divisor of 12 and x?
3
Suppose 528 = 3*b - 4*j, -147 = -2*b - 3*j + 222. Suppose b = -5*a + 11*a. Suppose -a = -3*d + 18. What is the greatest common divisor of d and 8?
8
Let w = -15442 - -19009. Calculate the greatest common divisor of 348 and w.
87
Let z(l) = 1555*l - 6065. Let t be z(4). What is the greatest common divisor of 105 and t?
5
Let f be 12/20 - 7221/(-15). Calculate the highest common divisor of f and 6.
2
Let z(v) = -v**3 - 6*v**2 + 16*v + 2. Let n be z(-8). Suppose n*l + 16 = 3*a, -8 = l - 12. Calculate the highest common divisor of 36 and a.
4
Suppose -15*q = -20*q + 15, -5*k = 5*q - 9265. What is the highest common factor of k and 50?
50
Suppose -562*x + 569*x = 3059. Suppose -2*j = q - 29, 2*q + 3*j - 34 = q. Calculate the greatest common factor of x and q.
19
Suppose -3*f + 221 = 5*r, 4 + 160 = 4*r - 4*f. Calculate the greatest common factor of 731 and r.
43
Let i = -23993 - -24533. What is the greatest common divisor of 220 and i?
20
Let g be 8/1 - 6/6. Let b be -6 - (298 - g)/(-3). What is the greatest common factor of b and 21?
7
Let d(x) = 60*x**2 - 234*x + 18. Let j be d(11). What is the greatest common divisor of 96 and j?
96
Let h(i) = -i**3 + 13*i**2 + 8*i - 55. Let o = -83 - -96. Let w be h(o). What is the greatest common factor of 49 and w?
49
Let m(d) = -d**3 - 4*d**2 - 88*d - 531. Let f be m(-6). Calculate the greatest common divisor of f and 713.
23
Let b = 12978 + -12963. Calculate the greatest common factor of 740 and b.
5
Suppose -4*i - 46 = -6*i + 4*j, 0 = 4*i - 5*j - 80. Let z = i + 0. What is the greatest common divisor of 95 and z?
5
Let o(m) = 15*m**3 + 9*m**2 - 27*m + 27. Let h be o(4). Calculate the highest common divisor of h and 11.
11
Let a(v) = -v**2 - 3*v + 80. Let o be a(-9). Suppose 0*g = 5*g - 1690. Calculate the greatest common factor of g and o.
26
Let z be 1 - (-8)/(-20) - 91/35. Let o(q) = -17*q + 16. Let y be o(z). What is the greatest common factor of y and 550?
50
Let h be 2 - (3 - -3) - (-3 - 1). Suppose h = a - 5*m - 151, -2*a + 5*m + 327 = -0*m. What is the highest common divisor of a and 132?
44
Let q(p) = 1356*p + 5960. Let y be q(19). What is the highest common factor of 206 and y?
206
Let s = 2499 - 2469. Let i(l) = l**2 + 7*l + 10. Let v be i(-7). Calculate the greatest common divisor of v and s.
10
Let w = -67 + 58. Suppose -19*f = -15*f + 156. Let v = w - f. Calculate the highest common factor of 12 and v.
6
Let s be 7 + -5*105/150*2/7. What is the greatest common factor of s and 2661?
3
Let g = 119 - 119. Suppose 2*d - 2*r - 30 - 58 = 0, g = 5*d - 2*r - 232. Calculate the greatest common divisor of 12 and d.
12
Let x be -7*(2 - (-434)/(-49)). Let v = -58 + 124. Calculate the highest common factor of v and x.
6
Suppose 76*f - 394*f = -3498. Calculate the highest common divisor of f and 10967.
11
Let q = 3087 - -1027. What is the highest common factor of q and 68?
34
Suppose -58 - 18 + 16 = -60*h. Let i be 10/(-45) + (-112)/(-18). Calculate the highest common divisor of h and i.
1
Suppose 242 - 694 = -3*p + 4*c, 4*c - 556 = -4*p. What is the highest common divisor of 8 and p?
8
Let m = 135 - 127. Suppose m*q - 769 = 5463. What is the highest common factor of 19 and q?
19
Let y = 10054 - 9867. Calculate the highest common divisor of y and 221.
17
Suppose -200*y - 2496 = -212*y. Let o = 39 + -26. What is the greatest common divisor of o and y?
13
Let h be (-19 - 1)*96/(-10). Let b(i) = -5*i - 182. Let v be b(-46). What is the highest common divisor of v and h?
48
Let d(q) = -q**3 - 36*q**2 - 31*q - 56. Let m be d(-36). What is the highest common factor of m and 100?
20
Let h = -710 - -757. What is the greatest common divisor of 2256 and h?
47
Suppose 20 = -12*g + 284. Calculate the greatest common divisor of 118 and g.
2
Let z be (-6045)/(-21) + (-39)/(-273). What is the highest common factor of z and 480?
96
Let i(q) = 677*q - 8104. Let k be i(12). What is the highest common divisor of k and 27460?
20
Suppose 3*l + 45 = 72. Calculate the highest common divisor of 3231 and l.
9
Suppose 995*w - 4175 = 316*w + 8726. Let m be ((-6)/8)/((-2)/(-16)). Let f(a) = -a**2 - 8*a + 7. Let v be f(m). What is the greatest common factor of v and w?
19
Suppose 2*z - 854 = 4*t, 7*z = 8*z + t - 448. What is the highest common divisor of 693 and z?
63
Suppose 0 = -4*s + 5*u + 1998, s - 5*u - 508 = -1. Calculate the greatest common divisor of 28 and s.
7
Let t(n) = -3*n**3 - 44*n**2 + 11*n - 36. Let p be t(-15). Let s = -6 - 3. Let c = -3 - s. Calculate the highest common factor of c and p.
6
Let m = -1861 + 2241. Calculate the greatest common divisor of m and 8170.
190
Supp